{"id":954,"date":"2014-09-18T10:56:00","date_gmt":"2014-09-18T08:56:00","guid":{"rendered":"http:\/\/www.autofficinalorenzoni.it\/?page_id=954"},"modified":"2014-09-18T10:56:00","modified_gmt":"2014-09-18T08:56:00","slug":"vredestein-classico-sprint-classic-2","status":"publish","type":"page","link":"https:\/\/www.autofficinalorenzoni.it\/index.php\/gommista\/vettura\/vredestein\/vredestein-vettura-classico\/vredestein-classico-sprint-classic-2\/","title":{"rendered":"VREDESTEIN &#8211; Classico &#8211; SPRINT CLASSIC"},"content":{"rendered":"<p><a href=\"http:\/\/www.autofficinalorenzoni.it\/wp-content\/uploads\/2014\/09\/Sprint-Classic.png\"><img loading=\"lazy\" class=\"alignleft size-full wp-image-941\" src=\"http:\/\/www.autofficinalorenzoni.it\/wp-content\/uploads\/2014\/09\/Sprint-Classic.png\" alt=\"Sprint Classic\" width=\"235\" height=\"243\" \/><\/a><\/p>\n<p>&nbsp;<\/p>\n<p>&nbsp;<\/p>\n<p>&nbsp;<\/p>\n<p>&nbsp;<\/p>\n<p>&nbsp;<\/p>\n<p style=\"text-align: justify;\"><span id=\"d_MainSidebar1_LabelIntroContent\">Con Sprint Classic, Vredestein completa la gamma dei prodotti pi\u00f9 classici. Sprint Classic \u00e8 appositamente sviluppato per coloro che apprezzano particolarmente i dettagli e il design. Mantenuto il conosciuto profilo, il fianco \u00e8 stato reso pi\u00f9 elegante. Per il settore pneumatici rappresenta, un perfetto esempio di eleganza, che nasconde in s\u00e9 il massimo della tecnologia. La perfetta realizzazione assicura che la componente \u2018Sprint\u2019 sia a giusto titolo presentenel nome: per le misure pi\u00f9 grandi, il Classic riporta infatti il simbolo W, per velocit\u00e0 fino a 270 km\/h.<\/span><\/p>\n","protected":false},"excerpt":{"rendered":"<p>&nbsp; &nbsp; &nbsp; &nbsp; &nbsp; Con Sprint Classic, Vredestein completa la gamma dei prodotti pi\u00f9 classici. Sprint Classic \u00e8 appositamente sviluppato per coloro che apprezzano particolarmente i dettagli e il design. Mantenuto il conosciuto profilo, il fianco \u00e8 stato reso <a class=\"more-link\" href=\"https:\/\/www.autofficinalorenzoni.it\/index.php\/gommista\/vettura\/vredestein\/vredestein-vettura-classico\/vredestein-classico-sprint-classic-2\/\">Continua a leggere  <span class=\"screen-reader-text\">  VREDESTEIN &#8211; Classico &#8211; SPRINT CLASSIC<\/span><span class=\"meta-nav\">&rarr;<\/span><\/a><\/p>\n","protected":false},"author":1,"featured_media":0,"parent":808,"menu_order":0,"comment_status":"open","ping_status":"open","template":"page-fullwidth.php","meta":[],"_links":{"self":[{"href":"https:\/\/www.autofficinalorenzoni.it\/index.php\/wp-json\/wp\/v2\/pages\/954"}],"collection":[{"href":"https:\/\/www.autofficinalorenzoni.it\/index.php\/wp-json\/wp\/v2\/pages"}],"about":[{"href":"https:\/\/www.autofficinalorenzoni.it\/index.php\/wp-json\/wp\/v2\/types\/page"}],"author":[{"embeddable":true,"href":"https:\/\/www.autofficinalorenzoni.it\/index.php\/wp-json\/wp\/v2\/users\/1"}],"replies":[{"embeddable":true,"href":"https:\/\/www.autofficinalorenzoni.it\/index.php\/wp-json\/wp\/v2\/comments?post=954"}],"version-history":[{"count":1,"href":"https:\/\/www.autofficinalorenzoni.it\/index.php\/wp-json\/wp\/v2\/pages\/954\/revisions"}],"predecessor-version":[{"id":955,"href":"https:\/\/www.autofficinalorenzoni.it\/index.php\/wp-json\/wp\/v2\/pages\/954\/revisions\/955"}],"up":[{"embeddable":true,"href":"https:\/\/www.autofficinalorenzoni.it\/index.php\/wp-json\/wp\/v2\/pages\/808"}],"wp:attachment":[{"href":"https:\/\/www.autofficinalorenzoni.it\/index.php\/wp-json\/wp\/v2\/media?parent=954"}],"curies":[{"name":"wp","href":"https:\/\/api.w.org\/{rel}","templated":true}]}}