{"id":859,"date":"2014-09-17T12:08:02","date_gmt":"2014-09-17T10:08:02","guid":{"rendered":"http:\/\/www.autofficinalorenzoni.it\/?page_id=859"},"modified":"2014-09-17T12:08:02","modified_gmt":"2014-09-17T10:08:02","slug":"vredestein-estate-ultrac-suv-sessanta","status":"publish","type":"page","link":"https:\/\/www.autofficinalorenzoni.it\/index.php\/gommista\/vettura\/vredestein\/pneumatici-vettura\/vredestein-estate-ultrac-suv-sessanta\/","title":{"rendered":"VREDESTEIN &#8211; Estate &#8211; ULTRAC SUV SESSANTA"},"content":{"rendered":"<p><a href=\"http:\/\/www.autofficinalorenzoni.it\/wp-content\/uploads\/2014\/05\/ultra-suv-sessanta.png\"><img loading=\"lazy\" class=\"alignleft size-full wp-image-841\" src=\"http:\/\/www.autofficinalorenzoni.it\/wp-content\/uploads\/2014\/05\/ultra-suv-sessanta.png\" alt=\"ultra suv sessanta\" width=\"235\" height=\"243\" \/><\/a><\/p>\n<p>&nbsp;<\/p>\n<p>&nbsp;<\/p>\n<p>&nbsp;<\/p>\n<p>&nbsp;<\/p>\n<p>&nbsp;<\/p>\n<p style=\"text-align: justify;\"><span id=\"d_MainSidebar1_LabelIntroContent\">Ultrac SUV Sessanta di Vredestein \u00e8 un pneumatico per SUV che non scende a compromessi, destinato al segmento Ultra High Performance. Ultrac SUV Sessanta, che si basa sui punti di forza di Ultrac Sessanta, \u00e8 equipaggiato di un battistrada extra largo. Il pneumatico offre perci\u00f2 una migliore tenuta ed una maggiore stabilit\u00e0, garantendo inoltre un comfort elevato.Ultrac SUV Sessanta \u00e8 dotato di due strati di tele di nylon ed una cintura eccezionalmente resistente. Inoltre, il pneumatico ha una maggiore capacit\u00e0 di carico che lo rende particolarmente indicato per i pi\u00f9 pesanti veicoli SUV. Un pneumatico sviluppato da Giugiaro Design a garanzia di un comportamento eccezionale.<\/span><\/p>\n","protected":false},"excerpt":{"rendered":"<p>&nbsp; &nbsp; &nbsp; &nbsp; &nbsp; Ultrac SUV Sessanta di Vredestein \u00e8 un pneumatico per SUV che non scende a compromessi, destinato al segmento Ultra High Performance. Ultrac SUV Sessanta, che si basa sui punti di forza di Ultrac Sessanta, \u00e8 <a class=\"more-link\" href=\"https:\/\/www.autofficinalorenzoni.it\/index.php\/gommista\/vettura\/vredestein\/pneumatici-vettura\/vredestein-estate-ultrac-suv-sessanta\/\">Continua a leggere  <span class=\"screen-reader-text\">  VREDESTEIN &#8211; Estate &#8211; ULTRAC SUV SESSANTA<\/span><span class=\"meta-nav\">&rarr;<\/span><\/a><\/p>\n","protected":false},"author":1,"featured_media":0,"parent":184,"menu_order":0,"comment_status":"open","ping_status":"open","template":"page-fullwidth.php","meta":[],"_links":{"self":[{"href":"https:\/\/www.autofficinalorenzoni.it\/index.php\/wp-json\/wp\/v2\/pages\/859"}],"collection":[{"href":"https:\/\/www.autofficinalorenzoni.it\/index.php\/wp-json\/wp\/v2\/pages"}],"about":[{"href":"https:\/\/www.autofficinalorenzoni.it\/index.php\/wp-json\/wp\/v2\/types\/page"}],"author":[{"embeddable":true,"href":"https:\/\/www.autofficinalorenzoni.it\/index.php\/wp-json\/wp\/v2\/users\/1"}],"replies":[{"embeddable":true,"href":"https:\/\/www.autofficinalorenzoni.it\/index.php\/wp-json\/wp\/v2\/comments?post=859"}],"version-history":[{"count":1,"href":"https:\/\/www.autofficinalorenzoni.it\/index.php\/wp-json\/wp\/v2\/pages\/859\/revisions"}],"predecessor-version":[{"id":860,"href":"https:\/\/www.autofficinalorenzoni.it\/index.php\/wp-json\/wp\/v2\/pages\/859\/revisions\/860"}],"up":[{"embeddable":true,"href":"https:\/\/www.autofficinalorenzoni.it\/index.php\/wp-json\/wp\/v2\/pages\/184"}],"wp:attachment":[{"href":"https:\/\/www.autofficinalorenzoni.it\/index.php\/wp-json\/wp\/v2\/media?parent=859"}],"curies":[{"name":"wp","href":"https:\/\/api.w.org\/{rel}","templated":true}]}}