{"id":445,"date":"2014-06-23T13:38:25","date_gmt":"2014-06-23T11:38:25","guid":{"rendered":"http:\/\/www.autofficinalorenzoni.it\/?page_id=445"},"modified":"2014-06-23T19:08:47","modified_gmt":"2014-06-23T17:08:47","slug":"iceguard-ig30","status":"publish","type":"page","link":"https:\/\/www.autofficinalorenzoni.it\/index.php\/gommista\/vettura\/yokohama\/pneumatici-invernali\/iceguard-ig30\/","title":{"rendered":"Yokohama &#8211; ICEGUARD IG30"},"content":{"rendered":"<p><a href=\"http:\/\/www.autofficinalorenzoni.it\/wp-content\/uploads\/2014\/06\/iG30_diagonal.jpg\"><img loading=\"lazy\" class=\"aligncenter wp-image-446 size-medium\" src=\"http:\/\/www.autofficinalorenzoni.it\/wp-content\/uploads\/2014\/06\/iG30_diagonal-300x260.jpg\" alt=\"iG30_diagonal\" width=\"300\" height=\"260\" srcset=\"https:\/\/www.autofficinalorenzoni.it\/wp-content\/uploads\/2014\/06\/iG30_diagonal-300x260.jpg 300w, https:\/\/www.autofficinalorenzoni.it\/wp-content\/uploads\/2014\/06\/iG30_diagonal-1024x890.jpg 1024w, https:\/\/www.autofficinalorenzoni.it\/wp-content\/uploads\/2014\/06\/iG30_diagonal.jpg 1380w\" sizes=\"(max-width: 300px) 100vw, 300px\" \/><\/a><br \/>\nVantaggi<\/p>\n<p>Per mordere il ghiaccio &#8211; YOKOHAMA iceGUARD Non c&#8217;\u00e8 nulla di pi\u00f9 pericoloso di una strada ghiacciata d&#8217;inverno. Ecco perch\u00e9 YOKOHAMA ha sviluppato iceGUARD, lo pneumatico che stabilisce un nuovo standard per la sicurezza invernale. La sua tecnologia superiore e la sua mescola avanzata forniscono il grip necessario ad affrontare le pi\u00f9 rischiose condizioni di guida invernale.<\/p>\n<p>Caratteristica<\/p>\n<p>1) Ci sono tre strati di lamelle, inserite in una nuova struttura. Queste lamelle stratificate si supportano a vicenda prevenendo l&#8217;eccessiva flessione dei tasselli. Oltre a questo, la loro alta densit\u00e0 comporta un migliore effetto ventosa sulle strade innevate e ghiacciate.<br \/>\n2) Offrono immediatamente delle ottime performance.<br \/>\n3) La particolare disposizione ad ampi blocchi migliora la stabilit\u00e0 in frenata e nello stesso tempo le prestazioni su bagnato, asciutto e superfici ghiacciate.<br \/>\n4) Le scanalature di nuova progettazione offrono un eccellente drenaggio in presenza di neve sciolta e superfici bagnate grazie alla loro larghezza variabile dal centro verso l&#8217;esterno.<\/p>\n<p>&nbsp;<\/p>\n","protected":false},"excerpt":{"rendered":"<p>Vantaggi Per mordere il ghiaccio &#8211; YOKOHAMA iceGUARD Non c&#8217;\u00e8 nulla di pi\u00f9 pericoloso di una strada ghiacciata d&#8217;inverno. Ecco perch\u00e9 YOKOHAMA ha sviluppato iceGUARD, lo pneumatico che stabilisce un nuovo standard per la sicurezza invernale. La sua tecnologia superiore <a class=\"more-link\" href=\"https:\/\/www.autofficinalorenzoni.it\/index.php\/gommista\/vettura\/yokohama\/pneumatici-invernali\/iceguard-ig30\/\">Continua a leggere  <span class=\"screen-reader-text\">  Yokohama &#8211; ICEGUARD IG30<\/span><span class=\"meta-nav\">&rarr;<\/span><\/a><\/p>\n","protected":false},"author":1,"featured_media":0,"parent":174,"menu_order":0,"comment_status":"open","ping_status":"closed","template":"page-fullwidth.php","meta":[],"_links":{"self":[{"href":"https:\/\/www.autofficinalorenzoni.it\/index.php\/wp-json\/wp\/v2\/pages\/445"}],"collection":[{"href":"https:\/\/www.autofficinalorenzoni.it\/index.php\/wp-json\/wp\/v2\/pages"}],"about":[{"href":"https:\/\/www.autofficinalorenzoni.it\/index.php\/wp-json\/wp\/v2\/types\/page"}],"author":[{"embeddable":true,"href":"https:\/\/www.autofficinalorenzoni.it\/index.php\/wp-json\/wp\/v2\/users\/1"}],"replies":[{"embeddable":true,"href":"https:\/\/www.autofficinalorenzoni.it\/index.php\/wp-json\/wp\/v2\/comments?post=445"}],"version-history":[{"count":2,"href":"https:\/\/www.autofficinalorenzoni.it\/index.php\/wp-json\/wp\/v2\/pages\/445\/revisions"}],"predecessor-version":[{"id":490,"href":"https:\/\/www.autofficinalorenzoni.it\/index.php\/wp-json\/wp\/v2\/pages\/445\/revisions\/490"}],"up":[{"embeddable":true,"href":"https:\/\/www.autofficinalorenzoni.it\/index.php\/wp-json\/wp\/v2\/pages\/174"}],"wp:attachment":[{"href":"https:\/\/www.autofficinalorenzoni.it\/index.php\/wp-json\/wp\/v2\/media?parent=445"}],"curies":[{"name":"wp","href":"https:\/\/api.w.org\/{rel}","templated":true}]}}